 442 = -4*l - 305. List the prime factors of 2/(-5)*(-25)/(-10) - l.
5, 37
Suppose 14*i - 8146 = 156. Let r = -85 + i. What are the prime factors of r?
2, 127
Let v = -21 - -23. Suppose -3*m - 10 = 3*x + v*m, 0 = -5*x + m + 2. Suppose x = -l + 3*l - 36. What are the prime factors of l?
2, 3
Let m(p) = 11*p**3 - p**2 + p - 1. Let s be m(5). Suppose 5*z - s = -g, -4*z + 1216 = g - 143. List the prime factors of g.
7, 197
Suppose -8 = -4*c - 4*a, 2*a = -7*c + 2*c + 4. Suppose c = -5*z + 4*p + 155, 0*z = -z - p + 22. What are the prime factors of z?
3
Let q(k) = 2*k**3 + 39*k**2 - 12*k - 36. Let w be q(-20). Let y = 411 - w. What are the prime factors of y?
607
Let t = 72 + -24. Suppose -t = 8*f - 1304. Let i = f + -58. What are the prime factors of i?
3, 11
Let w = -76 + 143. Let p = 144 - w. List the prime factors of p.
7, 11
Let f = 40 - 36. Let q(z) = -3*z - 3*z + f*z + 4*z + 32. List the prime factors of q(16).
2
Suppose -2*f + 4*f = k - 13, -38 = -4*k + f. Suppose -3*a = -k, 0 = 4*h - 8*h - a + 1451. List the prime factors of h.
2, 181
Let o = 51 - 20. Let b = o - 31. What are the prime factors of (-45)/(-2*(b - 1) - 3)?
3, 5
Suppose 3*m - g = 10, -2*g + 0 - 6 = m. Let h be ((-3)/(m + -5))/(1/150). Suppose -6*x = h - 1872. What are the prime factors of x?
7, 41
Suppose -16 - 30 = -46*q. What are the prime factors of q + -1 + 8 + 245?
11, 23
Suppose w - 5*r = -3*r + 4, -12 = -3*w + 2*r. Suppose w*o + 2*p + 3*p - 108 = 0, 0 = -5*o - 4*p + 126. What are the prime factors of o?
2, 11
Let m be 2*(-3)/3 - -19. Suppose 31 = v - 4*n, -v - m = -3*v - n. Suppose v*q - 1768 = -2*q. List the prime factors of q.
2, 17
Suppose -34*x = -174647 - 347389. What are the prime factors of x?
2, 3, 853
Suppose -v - 67 = -15. Let k(d) = 4*d**2 - 60*d - 593. Let a be k(-9). Let f = a + v. List the prime factors of f.
3, 73
Let a(s) = -32*s + 4. Let z be a(-3). Let v = -84 + z. List the prime factors of 6825/168 + 6/v.
41
Suppose 21*o = 22*o + 1561. Let z = 2322 + o. List the prime factors of z.
761
Suppose -3*k - 1714 = -2*u, -4*k + 3*u = 2556 - 269. Suppose -4*y - 2*d + 4*d = -30, 5*y + 5*d = 0. What are the prime factors of 3 - k/(y - 1)?
5, 29
Let x(p) = -418*p - 45. Let f be x(-3). Let g = -649 + f. List the prime factors of g.
2, 5, 7
Let s(w) = 3*w**2 + 10*w + 5. Let x be s(-4). Suppose -2*l = -x*l + 5984. List the prime factors of l.
2, 17
Let p = -814 - -811. List the prime factors of 30/p*(275/(-10) + 3).
5, 7
Suppose -4*j + a = -63131, 3*a = -3*j + 52284 - 4947. What are the prime factors of j?
2, 13, 607
Let c be 344/40*-1 - 4/10. List the prime factors of (-996)/c - 1/(-3).
3, 37
Let w(i) = -16*i - 7. Let s = 50 + -8. Let k be (2/(-6))/(2/s). What are the prime factors of w(k)?
3, 5, 7
Suppose w = -5*s + 75, -4*s - 3*w + 84 = -7*w. Suppose 5*x - s = -1. Suppose x*i - 512 = -167. List the prime factors of i.
5, 23
Suppose 4*r = 5*t + 153, -r + 12*t - 16*t = -12. What are the prime factors of ((-168)/r)/((-4)/((-2240)/(-6)))?
2, 5, 7
List the prime factors of (-858)/(-91) - 10 - (208308/(-28) + 0).
43, 173
Suppose 10*t - 4*o - 15507 = 5*t, -3*t - 4*o + 9285 = 0. Suppose 2*z = 4*x + x - t, -3*z + 9 = 0. What are the prime factors of x?
3, 23
What are the prime factors of 18/(-6) - 12/15*-49*25?
977
Let v = 40 + -14. Suppose -4*o + 2*d = v, o - 5*d = -0 - 11. Let f = o + 101. List the prime factors of f.
5, 19
Suppose 5*f + 19 = -2*d + 18, -5*f - 27 = 4*d. List the prime factors of ((-35)/2)/(d/1274).
5, 7
Suppose -2*k - k - 4*a + 6913 = 0, -k - 4*a + 2299 = 0. What are the prime factors of k?
3, 769
Suppose 3*r - 12*z + 14*z = 624, 0 = -2*r - z + 416. Let i = r + 200. What are the prime factors of i?
2, 3, 17
Let j be (353/(-3))/(12/(-36)). Suppose -6*o = -511 - j. List the prime factors of o.
2, 3
Let s = -7060 - -9968. What are the prime factors of s?
2, 727
Let t(x) = x**3 + 16*x**2 - 35*x + 8. Let a be t(-16). Suppose -3*q + a + 590 = 0. What are the prime factors of q?
2, 193
Let i be 8 + (4 - 7) + 417. Let n = 282 + i. List the prime factors of n.
2, 11
Suppose 3*k - 2*t = -6*t + 458, -4*k + t = -636. Suppose 0 = -k*v + 153*v + 195. List the prime factors of v.
3, 13
Let o(y) = 1575*y**3 - 1. Let b be o(1). Let a = 2222 - b. What are the prime factors of a?
2, 3
Let g = 393 + -206. Suppose -181*u = -187*u + 7656. Suppose 9*y + g = u. What are the prime factors of y?
11
List the prime factors of 87/116 - (34945/(-4) + 2).
5, 1747
Suppose y = -3, -2*f + 0*y + 247 = 3*y. Suppose 3*a - 259 = f. Suppose -9 = -3*l + a. What are the prime factors of l?
2, 23
Let u = -63279 - -133250. List the prime factors of u.
11, 6361
Let g(j) = j**2 - j - 16. Let m be g(-4). Suppose -2*k + 3*z = -157, z + 311 = m*k - 2*z. Suppose -k = -2*h + 49. List the prime factors of h.
3, 7
Let i(u) = u + 12. Let r be i(-11). Let c be 3*(r - 3/(36/(-220))). Suppose -59 = -3*z + c. What are the prime factors of z?
3, 13
Let k be (-26)/(-6) + (-140)/(-21) + -7. Suppose -p - k*y = -297, -2*y - 174 = -p + 129. List the prime factors of p.
7, 43
Suppose 5 + 3 = 4*d. Suppose d*q + 2142 = 4*z, -z - 4*q = -2*z + 553. What are the prime factors of z?
13, 41
Suppose 5*w + 12*j - 15*j - 34168 = 0, -7*j = 4*w - 27278. List the prime factors of w.
2, 5, 683
Let o(z) = -4*z + 18*z - 7*z + 18*z - 7*z**2 - 11. Let i(b) = 3*b**2 - 12*b + 6. Let v(m) = -5*i(m) - 2*o(m). What are the prime factors of v(4)?
2
Suppose 0*n = -5*n + z + 65612, 4*n - 52464 = 4*z. What are the prime factors of n?
2, 17, 193
Let w(y) be the first derivative of -3*y**2/2 + 105*y - 1. Let g = 2566 - 2566. What are the prime factors of w(g)?
3, 5, 7
Let d(l) = -l**2 - 5*l + 3. Let v be d(-5). Suppose -5*p - 1260 = -5*n, -2*p + v*n - 2*n - 502 = 0. Let x = p + 356. What are the prime factors of x?
2, 53
Let c(g) = g**3 - 18*g**2 - g + 20. Let i be c(18). Suppose -b - 5*y + 715 = -y, 3*y = -i*b + 1405. What are the prime factors of b?
5, 139
Let g(k) = 288*k - 3565. What are the prime factors of g(45)?
5, 1879
Let q = -71 + 76. What are the prime factors of (6/q*1)/((-24)/(-2960))?
2, 37
Let p(f) = -f**3 + 27*f**2 - 46*f + 1. Let n = -260 + 285. List the prime factors of p(n).
101
Let k(l) = -969*l**3 - 4*l**2 - 8*l - 26. Let a be k(-3). What are the prime factors of a/15 + (-18)/27?
1741
Let l be ((-1)/5)/(6/(-12))*5. Let h be (3 - 3)*(2 + (-2)/l). Suppose h = z - 19 - 34. What are the prime factors of z?
53
Suppose 0 = -24*l + 27*l - 7188. Suppose -4*o + 4*p + 2416 = 0, -7*o + 3*o = p - l. List the prime factors of o.
2, 3, 5
Suppose 4*p - 3*t = -16, 2 = 2*p - 4*t + 20. Suppose -795 = -s + 5*g - 825, -5*s + 2*g = 12. What are the prime factors of 97*3/(-3)*(p + s)?
97
Let c be 2/(-10) - (-3980)/25. Let v = 285 - c. What are the prime factors of v?
2, 3, 7
Suppose -5*g = -5*d + 136495, -2*d - 30*g + 54603 = -33*g. What are the prime factors of d?
2, 3, 4549
Let z be 12 + -3 + -3 + -4 + 9. What are the prime factors of (38/3)/(z/528)?
2, 19
Let x be -1 + 48 - (2 - (-1)/1). Let n be (3 - 1)*11/x*-18. Let f(l) = l**2 + 7*l - 4. What are the prime factors of f(n)?
2, 7
Suppose -10*d = -15*d + 13955. Let c = d - 1811. What are the prime factors of c?
2, 5, 7
Suppose -4*q = y + 207, q + 58 = 3*y - 2*y. Let u = q - -65. Suppose -100 = -u*w + 512. List the prime factors of w.
3, 17
Suppose l = -0*l + 173. Let c(j) = -4*j**3 + 44*j**2 + 6*j - 130. Let d be c(11). Let w = d + l. What are the prime factors of w?
109
Suppose 5*m + 21 = 111. Let p(u) be the second derivative of 7*u**3/6 - 29*u**2/2 - 303*u + 1. List the prime factors of p(m).
97
List the prime factors of (218991 - -9)/12 + 4.
2, 9127
Suppose 0 = -4*c + 8. Suppose c*x + 3*k - 18 = 4*k, 0 = -2*x - 5*k + 30. Let u = 115 - x. What are the prime factors of u?
3, 5, 7
Let w be (-1)/((-4)/5632) - 6. Let l = -822 + w. What are the prime factors of l?
2, 5, 29
List the prime factors of (-6270297)/(-88) - (-200)/320.
2, 23, 1549
Let m = -489 + 705. Suppose 3*l - 4*f = -3*f - 319, 2*l + m = -f. Let i = l + 189. What are the prime factors of i?
2, 41
Suppose 0 = -16*h - 10*h - 22*h + 1650576. What are the prime factors of h?
137, 251
Let f(y) = y**2 + 12*y - 7. Let g be f(-11). What are the prime factors of -3*(-4)/g - 1007/(-3)?
5, 67
Let j be (-328)/6*39/(-26). Suppose 0 = 16*i 